est common factor of z and 6.
6
Let i be 1 + -5 + 8/(-2). Let h = i + 18. What is the highest common factor of h and 50?
10
Suppose 0 = 3*b - 11 - 43. Suppose -6*o + 6 = -3*o. Calculate the greatest common divisor of o and b.
2
Let w(h) = 14*h - 20. Let m be w(5). What is the highest common divisor of m and 10?
10
Let k be 1/(10/4 + -2). Let z be ((-59)/2 - k)*-2. Suppose -314 = -4*m + 2*s, -m + 149 - z = s. What is the highest common divisor of 9 and m?
9
Let p(a) = a. Let h be p(6). Calculate the greatest common divisor of 42 and h.
6
Let v = -3 - -7. Suppose -v*p = -143 + 3. What is the greatest common divisor of p and 7?
7
Suppose -268 = -3*r - p, 3*r + 0*p - 252 = 3*p. Suppose 2*c = -2*c + r. What is the greatest common divisor of c and 110?
22
Let n = 11 - 30. Let f = n - -28. What is the highest common divisor of 54 and f?
9
Let w(z) = -z**2 + 5*z - 4. Let u be w(3). Suppose 0*o + u = o. Suppose 0 = o*x - 3 - 11. What is the greatest common divisor of 56 and x?
7
Let v(z) = 2*z - 11. Suppose 3*p = 15, 0*t - p + 169 = 4*t. Suppose -11 + t = 3*b. Let r be v(b). What is the highest common divisor of 9 and r?
9
Suppose -2*d + 4*d = 48. Let n be d/16*(2 - 0). Suppose -2*r - r + 96 = -3*w, 36 = r - n*w. What is the highest common factor of 75 and r?
15
Suppose 3*c = -a + 21, -2*a = c - 14 + 2. Let v be 4/(-2)*-11*3. What is the highest common divisor of c and v?
6
Suppose 7*o = 4*o + 12. Calculate the highest common factor of 24 and o.
4
Let y be 4/6 - (-352)/48. Let f(j) = -j - 2. Let i be f(-2). Suppose -2*l = -i*l - 4. Calculate the greatest common divisor of l and y.
2
Let g(z) = -3*z - 8. Let i be g(-4). Suppose 0 = o - i*o + 342. What is the greatest common divisor of o and 19?
19
Let d = 11 - -44. Let t = -8 + 13. Calculate the greatest common divisor of t and d.
5
Let z(f) = f**3 + 35*f**2 + 32*f - 53. Let k be z(-34). Calculate the highest common factor of k and 25.
5
Let o = -10 - -1. Let f = 31 + -30. Let x = f - o. What is the highest common factor of 5 and x?
5
Let p = -97 + 262. What is the highest common divisor of p and 15?
15
Let q be 52/(-6)*(-12)/4. Calculate the highest common factor of 39 and q.
13
Suppose 199 = -2*h + 3*h. Let i = -139 + h. What is the greatest common divisor of i and 12?
12
Let t be -1*(-1)/((-2)/(-26)). Let f(n) = -n**2 - 2 - 1 - 10*n - 4 - 1. Let w be f(-7). Calculate the greatest common divisor of t and w.
13
Let w = 16 + 34. Let y be (-20)/12*-12*1. What is the greatest common factor of w and y?
10
Let j = -48 - -240. Let p be (6/(-15)*2)/((-7)/210). Calculate the greatest common divisor of p and j.
24
Let v be (-42)/2*(-7 + 2). Let g = v - 60. Suppose 63 = 3*c - 2*i - 17, -5*c = 3*i - 165. Calculate the highest common factor of g and c.
15
Let j be 110/8 - (-12)/(-16). Calculate the highest common divisor of j and 26.
13
Let l(t) = 3*t**2 + 6*t - 7. Let h be l(5). Let k = -16 + 30. What is the greatest common divisor of h and k?
14
Let a = 302 - 190. What is the greatest common divisor of 28 and a?
28
Let n(x) = -35*x - 3. Let m(q) = -q**3 - 6*q**2 + 7*q + 5. Let t be m(-7). Let u be n(t). Let o = -118 - u. What is the highest common factor of o and 20?
20
Suppose 0 = f - 4*f + 102. What is the greatest common factor of 85 and f?
17
Let k(t) = -t**3 - 16*t**2 - 8*t - 2. Let d(s) = -s**2 + s - 1. Let g(u) = -4*d(u) + k(u). Let h be g(-11). Calculate the greatest common divisor of 39 and h.
13
Let w(l) = -12*l**3 - 2*l - 1. Let k be 6*(0 + (-3)/9). Let a be w(k). Calculate the highest common factor of 9 and a.
9
Suppose 5 + 3 = u + 2*i, 2*i - 8 = -3*u. Suppose f + 2*m - 54 = u, 140 = 5*f - 2*m - 70. What is the highest common factor of 66 and f?
22
Let u(y) = y**2 - 6*y + 5. Let o be u(6). Suppose -o = 2*i + 5. Let k = 1 - i. What is the highest common divisor of 6 and k?
6
Let b = 10 - 5. Let s = 32 + -47. Let n be (-4)/(-3)*s/(-2). Calculate the highest common divisor of n and b.
5
Suppose q = t - 125, 2*t - 95 - 159 = -2*q. Calculate the greatest common divisor of t and 7.
7
Suppose 4*n - 1202 - 250 = 0. What is the highest common factor of n and 33?
33
Let c be ((-7)/((-63)/(-390)))/(5/(-15)). What is the highest common factor of 10 and c?
10
Let x(g) = 4*g + 7. Let t(q) = 2*q + 4. Let p(l) = -5*t(l) + 3*x(l). Let u be p(4). What is the greatest common factor of u and 81?
9
Suppose -10 = n - 37. Let w be (-2 - -1) + -1 - -6. Suppose u - j = -6*j + n, w*j - 36 = -2*u. What is the greatest common factor of 48 and u?
12
Suppose 0 = -4*j - 3*x + 67, -3*x - 46 = -3*j - x. Calculate the greatest common factor of j and 48.
16
Suppose 0 = -9*f + 7*f + 20. Suppose -2*w + n + f = -n, -n = 4*w - 25. What is the greatest common factor of w and 66?
6
Let y(k) = 3*k + 3. Let n be y(7). Let o = -1 - -9. What is the greatest common divisor of n and o?
8
Suppose -572 = -2*z + 4*o, z + 2*o = 6*z - 1438. Calculate the greatest common factor of 32 and z.
32
Let t(d) = 5*d - 1. Let b be t(2). Let z be 26 + 3*3/(-3). Suppose -b = -4*m + z. Calculate the highest common divisor of m and 56.
8
Let z(j) = 15*j**2 - 2*j + 1. Let q be z(1). Suppose -94 + q = -5*n. Let f be ((-8)/(-3))/((-6)/(-9)). Calculate the greatest common factor of f and n.
4
Let l(x) = 2*x**2 + 2*x + 4. Let p be l(-3). Suppose 2*m - p = -0*m. Suppose -64 = -4*c + m. What is the highest common factor of c and 2?
2
Let b(u) = -13*u - 14. Let g be b(-6). What is the greatest common factor of g and 32?
32
Let r(n) = 5*n - 2. Let p be r(10). Let o be (-2*1)/(-1) + p. Suppose t + m = 6, 2*m + 9 = -3*t + 26. Calculate the highest common factor of t and o.
5
Suppose 3*x + 2*x + 5 = 0, 52 = 4*i - 4*x. Let q be (-924)/(-7)*(1 - 0). What is the highest common factor of q and i?
12
Let v be 104/6*3/2. Suppose 0 = -3*o - 2*o + 75. Suppose -10*b + o*b - 65 = 0. What is the greatest common factor of v and b?
13
Let h = 139 - 206. Let w be 2*-13 - -1 - 0. Let q = w - h. What is the highest common divisor of 14 and q?
14
Let d(q) = -q**3 + 6*q**2 - 4*q + 1. Let c be d(4). What is the highest common divisor of c and 17?
17
Suppose 0 = -2*f - 3*t + 30, -t = -3*f + 4*t + 26. Suppose 3*b + 160 - 412 = 0. What is the highest common factor of f and b?
12
Suppose 2*n - 552 = -0*h + 4*h, -3*n + 816 = -2*h. Calculate the highest common factor of n and 108.
54
Suppose 50 = 2*u + 14. What is the greatest common factor of u and 144?
18
Let a(m) = -m**3 - 11*m**2 + 7. Let u be a(-11). What is the greatest common factor of 3 and u?
1
Let s(h) = -h**3 - 4*h**2 - h + 1. Let z be s(-4). Suppose -17 - 5 = -c + 4*f, z*f + 15 = 0. What is the greatest common factor of c and 30?
10
Suppose q - 3*q = -5*s - 166, 0 = 5*s - 3*q + 164. Let r = 59 + s. Calculate the highest common factor of 250 and r.
25
Let w(u) = -18*u - 2. Let g = -7 - -4. Let s be w(g). What is the greatest common factor of 13 and s?
13
Suppose 0*i = -2*i + 20. Suppose g - i = -1. What is the highest common factor of 63 and g?
9
Let v = -26 + 38. What is the highest common divisor of v and 30?
6
Let p(y) = -9*y - 3. Let q be p(-3). Let h = q - -2. Suppose v - 3*n = h, 3*n + 32 = v + 2*n. Calculate the highest common divisor of v and 14.
7
Let q(u) = -u + 6. Let l(x) = 2*x - 7. Let b(h) = -4*l(h) - 5*q(h). Let a be b(-3). Suppose -a*n + 2*n = -70. What is the greatest common factor of n and 126?
14
Let a(j) = 28*j**2. Suppose 4*s - 18 = 2*c, c = 3*s - 9 - 4. Let l be a(c). Suppose 0 = -3*g - 0*g + 126. What is the highest common divisor of l and g?
14
Suppose r - 10 = -4*m + 3, 5*m - 20 = -2*r. Suppose 3*j = 2*a + 4 - 29, -a - m*j = -16. What is the highest common divisor of a and 35?
7
Let m = -6 - -36. Let i(p) = p + 12. Let c be i(-6). What is the greatest common factor of c and m?
6
Let b be 10*3*(-10)/(-12). Let j = 42 - b. Calculate the greatest common divisor of j and 34.
17
Let f = -19 - -30. Suppose 0 = 5*t - 2510 + 35. Suppose -y + t = 4*y. What is the greatest common factor of y and f?
11
Let m(w) = -2*w**3 - w**2 - w + 1. Let j be m(1). Let l be -2*1 + 11 + j. Suppose l*g - 2*g - 440 = 0. What is the highest common divisor of 10 and g?
10
Suppose 4*j - 543 = -2*t - 43, 4*j + t - 502 = 0. Calculate the greatest common factor of 18 and j.
18
Let d be (8 - 7)/(1/5). Calculate the greatest common divisor of d a